 60409833?
0
What is the hundred millions digit of 696338937?
6
What is the tens digit of 139655506?
0
What is the thousands digit of 64535560?
5
What is the millions digit of 72639485?
2
What is the hundreds digit of 173062072?
0
What is the ten thousands digit of 453613553?
1
What is the thousands digit of 560801033?
1
What is the tens digit of 957117705?
0
What is the tens digit of 35078400?
0
What is the tens digit of 2517681987?
8
What is the millions digit of 34738038?
4
What is the hundreds digit of 130144956?
9
What is the hundreds digit of 109804244?
2
What is the hundred thousands digit of 490440708?
4
What is the hundreds digit of 339259775?
7
What is the ten thousands digit of 134231214?
3
What is the thousands digit of 110536036?
6
What is the thousands digit of 5314478072?
8
What is the units digit of 416622544?
4
What is the ten millions digit of 107879223?
0
What is the hundred millions digit of 197162964?
1
What is the hundreds digit of 1507857661?
6
What is the thousands digit of 4562235718?
5
What is the ten thousands digit of 1502238308?
3
What is the ten thousands digit of 5143194?
4
What is the units digit of 130450180?
0
What is the units digit of 6852136145?
5
What is the hundreds digit of 27629945?
9
What is the units digit of 3674112591?
1
What is the ten thousands digit of 71450684?
5
What is the millions digit of 790406722?
0
What is the hundred thousands digit of 4932244732?
2
What is the ten millions digit of 76174246?
7
What is the ten millions digit of 2078123214?
7
What is the hundreds digit of 175020210?
2
What is the tens digit of 15588426?
2
What is the ten thousands digit of 2136199090?
9
What is the millions digit of 406741275?
6
What is the hundred millions digit of 354507756?
3
What is the units digit of 36688030?
0
What is the ten thousands digit of 47462130?
6
What is the hundred thousands digit of 42917307?
9
What is the thousands digit of 725127219?
7
What is the hundred thousands digit of 2453777626?
7
What is the tens digit of 1781669065?
6
What is the tens digit of 3504518?
1
What is the tens digit of 676251524?
2
What is the units digit of 86016493?
3
What is the thousands digit of 1258812471?
2
What is the millions digit of 1680953468?
0
What is the tens digit of 621517599?
9
What is the thousands digit of 46520071?
0
What is the hundreds digit of 1418904266?
2
What is the millions digit of 555412933?
5
What is the hundreds digit of 613100766?
7
What is the tens digit of 1235110610?
1
What is the ten millions digit of 143680283?
4
What is the tens digit of 1147394885?
8
What is the tens digit of 2707322797?
9
What is the hundred millions digit of 1138897189?
1
What is the hundreds digit of 2023849036?
0
What is the ten thousands digit of 545602886?
0
What is the ten millions digit of 1914827908?
1
What is the ten thousands digit of 317382935?
8
What is the hundred thousands digit of 362759901?
7
What is the hundred thousands digit of 3232710773?
7
What is the millions digit of 4426961878?
6
What is the hundred thousands digit of 51119951?
1
What is the hundreds digit of 597498870?
8
What is the millions digit of 76573842?
6
What is the millions digit of 4973130?
4
What is the ten millions digit of 13547191?
1
What is the hundreds digit of 261384006?
0
What is the thousands digit of 29524922?
4
What is the units digit of 4233682527?
7
What is the thousands digit of 243673185?
3
What is the ten thousands digit of 66610527?
1
What is the thousands digit of 4447055596?
5
What is the units digit of 1693407331?
1
What is the millions digit of 5658671800?
8
What is the ten thousands digit of 1998543?
9
What is the thousands digit of 48632244?
2
What is the hundreds digit of 1002903776?
7
What is the units digit of 440189083?
3
What is the units digit of 37936926?
6
What is the hundreds digit of 40445512?
5
What is the tens digit of 802299677?
7
What is the hundred millions digit of 5818983526?
8
What is the tens digit of 1731842297?
9
What is the hundreds digit of 158459306?
3
What is the millions digit of 475154013?
5
What is the tens digit of 1082061537?
3
What is the hundred thousands digit of 46006876?
0
What is the tens digit of 384046433?
3
What is the thousands digit of 2042316127?
6
What is the ten thousands digit of 4638882285?
8
What is the hundred thousands digit of 1545092188?
0
What is the hundred thousands digit of 26821788?
8
What is the thousands digit of 2602878749?
8
What is the hundreds digit of 736674?
6
What is the hundred thousands digit of 11389676?
3
What is the hundred millions digit of 4242914248?
2
What is the hundred thousands digit of 205373041?
3
What is the hundred thousands digit of 135249334?
2
What is the tens digit of 55962018?
1
What is the hundreds digit of 560663473?
4
What is the hundreds digit of 5228549258?
2
What is the ten thousands digit of 92931112?
3
What is the millions digit of 75564365?
5
What is the hundreds digit of 1178790201?
2
What is the ten millions digit of 83087298?
8
What is the hundred millions digit of 459480290?
4
What is the hundred millions digit of 403119178?
4
What is the tens digit of 344233308?
0
What is the tens digit of 678228970?
7
What is the thousands digit of 2250666311?
6
What is the thousands digit of 61462802?
2
What is the hundreds digit of 44221952?
9
What is the hundred thousands digit of 807005712?
0
What is the thousands digit of 2430413992?
3
What is the hundred thousands digit of 20710575?
7
What is the tens digit of 17644230?
3
What is the thousands digit of 11914730?
4
What is the tens digit of 20505199?
9
What is the units digit of 5034750926?
6
What is the hundreds digit of 104837976?
9
What is the hundred millions digit of 643122411?
6
What is the hundred thousands digit of 5937196?
9
What is the units digit of 8949527?
7
What is the ten thousands digit of 3234241670?
4
What is the ten millions digit of 2331514148?
3
What is the tens digit of 1092066613?
1
What is the billions digit of 1100403104?
1
What is the ten millions digit of 167025435?
6
What is the millions digit of 50622867?
0
What is the hundreds digit of 19660807?
8
What is the hundreds digit of 3720596?
5
What is the hundred thousands digit of 1038328422?
3
What is the hundreds digit of 122623108?
1
What is the units digit of 1319802482?
2
What is the ten millions digit of 1215520280?
1
What is the hundred millions digit of 270533100?
2
What is the ten thousands digit of 1395496479?
9
What is the thousands digit of 1270364659?
4
What is the ten millions digit of 63361189?
6
What is the hundreds digit of 126913166?
1
What is the tens digit of 13960219?
1
What is the thousands digit of 1706603283?
3
What is the ten millions digit of 220690123?
2
What is the units digit of 329507353?
3
What is the units digit of 157323068?
8
What is the ten thousands digit of 547368176?
6
What is the ten millions digit of 4423313772?
2
What is the hundreds digit of 1546689888?
8
What is the millions digit of 16344618?
6
What is the millions digit of 930163295?
0
What is the thousands digit of 412529211?
9
What is the ten millions digit of 64111960?
6
What is the hundred thousands digit of 39341598?
3
What is the units digit of 210466423?
3
What is the tens digit of 285052515?
1
What is the hundred thousands digit of 154403315?
4
What is the thousands digit of 40116041?
6
What is the hundred thousands digit of 55645353?
6
What is the hundreds digit of 88720938?
9
What is the ten millions digit of 23610153?
2
What is the hundred millions digit of 3743475179?
7
What is the hundred millions digit of 2726722645?
7
What is the hundreds digit of 269110635?
6
What is the hundreds digit of 3609019996?
9
What is the units digit of 36900632?
2
What is the ten millions digit of 329205544?
2
What is the millions digit of 290264262?
0
What is the ten millions digit of 1071701667?
7
What is the hundreds digit of 392705597?
5
What is the ten millions digit of 47151549?
4
What is the ten thousands digit of 364592700?
9
What is the tens digit of 116822520?
2
What is the tens digit of 6676840699?
9
What is the ten thousands digit of 4999720851?
2
What is the units digit of 77179103?
3
What is the hundreds digit of 5992017052?
0
What is the units digit of 271344698?
8
What is the hundre